 Suppose -3*q + k = -2*q. List the prime factors of q.
2
Let h be (19 - -5)*23/4. List the prime factors of -8 + h + 9/3.
7, 19
Let r(s) = -12*s**3 - s**2 - 5*s - 1. Let o(g) = 35*g**3 + 4*g**2 + 14*g + 2. Let c(b) = -3*o(b) - 8*r(b). List the prime factors of c(-2).
2, 31
Let d(x) = x**2 - 2*x + 17. Let m be d(-10). Suppose 0 = 7*o - 269 - m. List the prime factors of o.
2, 29
Let y(x) be the first derivative of 2*x**3/3 + 15*x**2 + 31*x + 12. What are the prime factors of y(-19)?
3, 61
Let x(s) be the second derivative of -s**4/8 + 23*s**3/6 + 9*s**2/2 - 2*s. Let w(g) be the first derivative of x(g). What are the prime factors of w(-10)?
53
Let j(m) = 3*m**2 + 2*m - 6. Suppose 0 = -l - 16 + 1. Let r = 10 + l. What are the prime factors of j(r)?
59
Suppose -n + 3427 = 2*v, -7*v - 5*n = -3*v - 6845. List the prime factors of v.
5, 7
List the prime factors of 26/(-117)*-213*90.
2, 3, 5, 71
Let g = -53 - -58. Let i(h) = h**3 - 10*h**2 + 9*h + 9. Let d be i(9). Suppose g*k = 2*k + d. What are the prime factors of k?
3
Let s(u) = -590*u + 120. What are the prime factors of s(-4)?
2, 5, 31
Let t = 6 + -6. Suppose t = -x - 2*x - 27. Let h = 22 + x. What are the prime factors of h?
13
Suppose -3*w = -0*p - 2*p + 805, 5 = -5*p. Let u = -116 - w. List the prime factors of u.
3, 17
Let t be 12/42 + (-180)/(-7). Suppose 0 = -11*l + 10*l + t. Let c = -4 + l. What are the prime factors of c?
2, 11
Suppose 74 = 4*i - 318. Suppose -w = -2*a + 5*a - 90, -w = -a - i. What are the prime factors of w?
2, 3
Let s be (174 + -30)*1/(6/16). Let w = s - 273. What are the prime factors of w?
3, 37
Suppose 0 = 5*y - 2*t - 3*t - 1415, -3*t - 1130 = -4*y. Let l = y - 87. What are the prime factors of l?
2, 97
Let l = 1090 + 3101. What are the prime factors of l?
3, 11, 127
Let j = 6 + -4. Suppose 0 = j*w - 3 - 5. Suppose 0 = 4*n - 3*y - 151, n + w*n = 4*y + 190. What are the prime factors of n?
2, 17
Let u(o) = 3*o**2 + 32*o + 24. What are the prime factors of u(-17)?
347
Let m(x) = -71*x**3 - 2*x**2 + 3*x + 1. What are the prime factors of m(-2)?
3, 5, 37
Suppose -2*f - n + 9 = -2*n, 2*f - 18 = 4*n. List the prime factors of f*((-1 - 0) + 6).
3, 5
Suppose -8*f + 264 = -0*f. Suppose 0 = 31*r - f*r + 318. List the prime factors of r.
3, 53
Let w(q) = 8*q**2 - 9*q - 153. What are the prime factors of w(15)?
2, 3, 7
Suppose -3*y = 5*g - 6024, -g + 5*y + 815 = -401. What are the prime factors of g?
2, 3, 67
Suppose 0 = 67*m - 91*m + 42480. List the prime factors of m.
2, 3, 5, 59
Let o = 18 + -24. Let a be 20/(-10)*o/4. Suppose 100 = a*c + c. What are the prime factors of c?
5
Suppose 2*r - r - 2281 = 3*v, -4*r = -v - 9091. What are the prime factors of r?
2, 71
Let t = -31 - -56. Let r = t - -63. What are the prime factors of r?
2, 11
Let p(q) = -10*q. Let z be p(-1). Let s(v) = -v**2 + 8*v + 5. Let k(d) = -d**2 + 8*d + 4. Let w(b) = 2*k(b) - 3*s(b). What are the prime factors of w(z)?
13
Let h(v) = 2*v - 12. Let u be h(6). Suppose -2 = -j - u. List the prime factors of (-3 + j)/(4/(-100)).
5
Let u(s) = 9*s**2 + 11*s + 17. List the prime factors of u(-4).
3, 13
Suppose -2*a = -71 + 15. Let k = a - 20. List the prime factors of k.
2
Suppose 87*k = 85*k + 572. List the prime factors of k.
2, 11, 13
Let a be 7/3 + 18/27. Suppose -4*w = 2*o - 20, -1 - 13 = -o - a*w. Suppose k - o*k = -27. List the prime factors of k.
3
Let t(j) = -16*j + 414. List the prime factors of t(12).
2, 3, 37
Suppose 23 = -4*r - 1. Let k = -4 + r. What are the prime factors of ((-26)/4 - 0)*k?
5, 13
Let t = 16 - 25. List the prime factors of 4*5 + (-13 - t).
2
Let b(u) = 4*u**2 + 94*u - 36. List the prime factors of b(-32).
2, 263
Let d(y) = y**3 - y**2 + 3*y - 3. Let p(u) = 2*u + 6. Let a(x) = x**2 + x - 1. Let g(r) = a(r) + p(r). Let q be g(-2). What are the prime factors of d(q)?
2, 3
Suppose 0 = 3*q + 57 + 33. Let c = 75 + q. List the prime factors of c.
3, 5
Let f be (0 - 11) + -2 + -1. Let d = 8 + f. What are the prime factors of (8/d)/((-8)/12)?
2
Let d = 2 + 2. Let k = -4 - d. List the prime factors of (-39)/2*k/6.
2, 13
List the prime factors of (-2986)/(0 - -8 - 10).
1493
Let x be (112/6)/(2/24). Suppose a = 5*y - x, -5*y - a = -99 - 127. List the prime factors of y.
3, 5
Let j be (-54)/(-18) - (1 - -416). List the prime factors of (4/8)/((-3)/j).
3, 23
Let y be (-43)/(-3 - 4/(-1)). Let q = y - -65. What are the prime factors of q?
2, 11
Let u(r) = -3*r**2 - 64*r + 56. What are the prime factors of u(-20)?
2, 17
Suppose -5*q - 12*n + 13*n + 6116 = 0, -4*q - 3*n + 4908 = 0. List the prime factors of q.
2, 3, 17
Let o be ((446 + -5)/3)/(-1). Let m = 296 + o. What are the prime factors of m?
149
List the prime factors of (17 - (-736)/(-48))/((-2)/(-366)).
5, 61
List the prime factors of (-1230)/(-4) - (-18)/12.
3, 103
Suppose 5*u = -u + 30. Suppose 2*d - 206 = -s, -308 = 3*d - 6*d - 2*s. Suppose -u*n + d = -n. What are the prime factors of n?
2, 13
Let i(q) = 438*q + 587. List the prime factors of i(9).
7, 647
Suppose 3*j - 96 = -j + p, 4*p + 109 = 5*j. Let m = 39 - j. What are the prime factors of m?
2, 7
Suppose -3*u = -p - 6706, -16*p - 8945 = -4*u - 11*p. List the prime factors of u.
3, 5, 149
Let i(u) = u**3 - 13*u**2 + 13*u - 9. Let q = 0 + 12. Let x be i(q). Suppose -x*l + 99 = -18. List the prime factors of l.
3, 13
Let h be 0 - (-3 - -18)/(-5). What are the prime factors of (-835)/(-15) - 2/(-2*h)?
2, 7
Suppose f - 564 = h, 21*f + 2*h - 1712 = 18*f. List the prime factors of f.
2, 71
Suppose 3*q + 4*p - 13 = -0*q, 0 = 2*q - 4*p - 2. Suppose 11 = 4*m - d, -2*m + 3*d = -5*m - 3. Suppose -m*n = -q*n + 7. List the prime factors of n.
7
Suppose 0 = h - 2*h + 4. Suppose -h*r = -0*r - 616. Suppose r = 4*u - 10. What are the prime factors of u?
41
Let x(h) = -h**3 + 5*h**2 + 6. Let s be x(5). Suppose 0 = -3*q + 36 - s. List the prime factors of q.
2, 5
Let n(d) = d**3 + d**2 + 2*d. Let f be n(2). Let t = 25 + -24. What are the prime factors of f*(t + (-1)/2)?
2
What are the prime factors of 347 + 18/(-3) - 6?
5, 67
Let x(h) = h**2 - 22*h - 8. Suppose 2*g = 10 - 26. List the prime factors of x(g).
2, 29
Let a(h) = -h**3 + 2*h**2 + 4*h - 1. Let x be a(5). Let w be (-2)/9 - x/9. List the prime factors of ((-8)/6)/(w/(-18)).
2
Let x = 1456 + -986. Let y = 722 - x. List the prime factors of y.
2, 3, 7
Suppose -27816 = -98*f + 74*f. What are the prime factors of f?
19, 61
Let y be -7 - (-5 - 2 - -3). Let r be 3 + -3 + 3 + y. Suppose -4*f + 5*f - 23 = r. What are the prime factors of f?
23
Suppose 0 = -10*n + 2744 + 1076. What are the prime factors of n?
2, 191
Suppose 4*y - 772 = -4*m, -4*y - 287 - 705 = -5*m. List the prime factors of m.
2, 7
Let d = 83 + -86. Let i(w) be the second derivative of -3*w**5/20 - w**4/6 + 5*w**3/6 + 7*w**2/2 + 2*w. List the prime factors of i(d).
5, 11
Suppose 5*t = -2*p + 60, 0 = 5*p + 4*t - 2*t - 150. Suppose 0 = 10*r - 9*r - p. List the prime factors of r.
2, 3, 5
Suppose 5*h = -a + 723, -3*h = -16*a + 13*a - 441. What are the prime factors of h?
5, 29
Let a = -27 + 47. Suppose 2*l - 1 = -2*y + 15, 5*y = a. Suppose -3*c = 3*o + 2*o - 79, l*o - 8 = 0. List the prime factors of c.
23
Let o(q) = 3*q**2 + 12*q - 8. Let j be o(-9). Suppose 0 = -5*u + j + 618. What are the prime factors of u?
149
Suppose 4*t = 2*t + 3*m + 2, -18 = -5*t + m. Suppose -t*s + 335 = -3*l, -3*l - 169 = s - 3*s. What are the prime factors of s?
83
Let y = -1048 + 2270. List the prime factors of y.
2, 13, 47
Let n(z) = z**2 - 10*z + 17. Let y be n(8). Let a = -16 - -16. Suppose a = -5*w + 56 - y. List the prime factors of w.
11
Let g(r) = -2*r**3 - 3*r**2 - 3*r + 3. Let k be g(-3). Suppose -d + 5*v + k = 0, 3*d + 0*v = v + 131. What are the prime factors of d?
2, 11
Let s be 7 - (-1)/2*2. Let r = 8 - s. Suppose r*i - 4*i = -64. List the prime factors of i.
2
Let u(b) = 2*b**3 - 2*b**2 - 2*b + 1. Let m be u(2). Suppose -1050 = -5*a - m*f, -5*a = -4*f + 290 - 1385. What are the prime factors of a?
5, 43
Let n = -283 + 708. List the prime factors of n.
5, 17
Suppose -2*r + 869 = -4*b - 1049, 0 = 3*r + 4*b - 2927. List the prime factors of r.
3, 17, 19
List the prime factors of (10 - 20 - -350)*(-4)/(-2).
2, 5, 17
Let x(i) = 6*i + 14. Let u be x(-2). Suppose -5*k - 1040 = -5*j, -2*j - k = u*j - 83